{"id":53,"date":"2017-03-29T17:37:09","date_gmt":"2017-03-29T17:37:09","guid":{"rendered":"http:\/\/voluntariosemcampo.org.br\/wp\/?page_id=53"},"modified":"2017-04-03T13:03:03","modified_gmt":"2017-04-03T13:03:03","slug":"catastrophes-and-conflict","status":"publish","type":"page","link":"https:\/\/www.voluntariosemcampo.org.br\/index.php\/catastrophes-and-conflict\/","title":{"rendered":"CAT\u00c1STROFES E CONFLITOS"},"content":{"rendered":"<p><\/p>\n<p style=\"text-align: justify;\"><img decoding=\"async\" loading=\"lazy\" class=\"alignnone size-full wp-image-70\" src=\"http:\/\/voluntariosemcampo.org.br\/wp\/wp-content\/uploads\/2017\/03\/foto-slide.jpg\" alt=\"\" width=\"1366\" height=\"350\" srcset=\"https:\/\/www.voluntariosemcampo.org.br\/wp-content\/uploads\/2017\/03\/foto-slide.jpg 1366w, https:\/\/www.voluntariosemcampo.org.br\/wp-content\/uploads\/2017\/03\/foto-slide-300x77.jpg 300w, https:\/\/www.voluntariosemcampo.org.br\/wp-content\/uploads\/2017\/03\/foto-slide-768x197.jpg 768w, https:\/\/www.voluntariosemcampo.org.br\/wp-content\/uploads\/2017\/03\/foto-slide-1024x262.jpg 1024w\" sizes=\"(max-width: 1366px) 100vw, 1366px\" \/><\/p>\n<p style=\"text-align: justify;\">Este programa existe em decorr\u00eancia do aumento significativo do n\u00famero de desastres naturais e de movimentos for\u00e7ados de pessoas em v\u00e1rias partes do mundo. Para atender pessoas em situa\u00e7\u00f5es como estas, que carecem de ajuda e de uma mensagem de esperan\u00e7a, criamos o Programa Cat\u00e1strofes e Conflitos.<\/p>\n<p><span id=\"bold\"><strong>Perfil do Volunt\u00e1rio<\/strong>:<\/span>\u00a0profissionais das seguintes \u00e1reas: sa\u00fade em geral, esportes, educa\u00e7\u00e3o, psicologia, constru\u00e7\u00e3o, al\u00e9m de intercessores e capel\u00e3es, previamente cadastrados, que possuam disponibilidade para embarcar no prazo de at\u00e9 48 horas ap\u00f3s nosso primeiro contato, ou em caravanas eletivas enviadas a posteriori.<\/p>\n<p><span id=\"bold\"><strong>Locais de Atua\u00e7\u00e3o<\/strong>:<\/span>\u00a0\u00e1reas afetadas por cat\u00e1strofes naturais e ou conflitos.<\/p>\n<p><span id=\"bold\"><strong>Per\u00edodo<\/strong>:<\/span>\u00a0entre 7 e 21 dias.<\/p>\n<p><span id=\"bold\"><strong>A\u00e7\u00f5es<\/strong>:<\/span>\u00a0resgate e atendimento m\u00e9dico; suporte alimentar, de \u00e1gua e abrigo; avalia\u00e7\u00e3o de novos riscos; a\u00e7\u00f5es emergenciais de reconstru\u00e7\u00e3o; apoio psicoemocional \u00e0s v\u00edtimas e familiares.<\/p>","protected":false},"excerpt":{"rendered":"<p>Este programa existe em decorr\u00eancia do aumento significativo do n\u00famero de desastres naturais e de movimentos for\u00e7ados de pessoas em v\u00e1rias partes do mundo. Para atender pessoas em situa\u00e7\u00f5es como estas, que carecem de ajuda e de uma mensagem de&hellip; <\/p>\n","protected":false},"author":1,"featured_media":0,"parent":0,"menu_order":0,"comment_status":"closed","ping_status":"closed","template":"","meta":[],"_links":{"self":[{"href":"https:\/\/www.voluntariosemcampo.org.br\/index.php\/wp-json\/wp\/v2\/pages\/53"}],"collection":[{"href":"https:\/\/www.voluntariosemcampo.org.br\/index.php\/wp-json\/wp\/v2\/pages"}],"about":[{"href":"https:\/\/www.voluntariosemcampo.org.br\/index.php\/wp-json\/wp\/v2\/types\/page"}],"author":[{"embeddable":true,"href":"https:\/\/www.voluntariosemcampo.org.br\/index.php\/wp-json\/wp\/v2\/users\/1"}],"replies":[{"embeddable":true,"href":"https:\/\/www.voluntariosemcampo.org.br\/index.php\/wp-json\/wp\/v2\/comments?post=53"}],"version-history":[{"count":2,"href":"https:\/\/www.voluntariosemcampo.org.br\/index.php\/wp-json\/wp\/v2\/pages\/53\/revisions"}],"predecessor-version":[{"id":95,"href":"https:\/\/www.voluntariosemcampo.org.br\/index.php\/wp-json\/wp\/v2\/pages\/53\/revisions\/95"}],"wp:attachment":[{"href":"https:\/\/www.voluntariosemcampo.org.br\/index.php\/wp-json\/wp\/v2\/media?parent=53"}],"curies":[{"name":"wp","href":"https:\/\/api.w.org\/{rel}","templated":true}]}}